alculate the greatest common factor of 111977961 and 69.
69
Calculate the greatest common factor of 221 and 9162036.
13
Calculate the highest common factor of 3051380592 and 14508.
14508
Calculate the highest common divisor of 1080 and 219388440.
120
What is the greatest common divisor of 72105 and 204915?
285
Calculate the highest common divisor of 126750841 and 14.
7
What is the highest common factor of 401698 and 7843?
341
What is the greatest common divisor of 3522 and 8022?
6
What is the highest common divisor of 51492 and 1780?
4
Calculate the greatest common factor of 2254 and 441262199.
1127
What is the greatest common divisor of 28256193 and 3087?
441
What is the greatest common factor of 109831293 and 297?
99
What is the highest common divisor of 2537 and 1104283?
43
Calculate the greatest common divisor of 3987 and 714559.
443
What is the highest common divisor of 19264 and 30632?
56
What is the highest common divisor of 210001 and 14599?
1123
What is the highest common factor of 1112166 and 250162?
3014
What is the highest common factor of 158242 and 505876?
1246
What is the greatest common divisor of 93438 and 137041326?
3222
What is the greatest common divisor of 45 and 228978?
9
What is the highest common divisor of 30129658 and 169?
169
Calculate the greatest common factor of 634029318 and 3474.
3474
What is the greatest common factor of 421669 and 104299?
71
Calculate the greatest common factor of 770476 and 95746.
98
What is the greatest common divisor of 430349 and 128397?
337
Calculate the greatest common factor of 161655 and 2914764.
2487
What is the greatest common factor of 91241118 and 55926?
4302
What is the greatest common factor of 55 and 2125370?
5
What is the highest common divisor of 174910830 and 30?
30
What is the greatest common divisor of 7056 and 470792?
392
What is the highest common divisor of 47366348 and 8?
4
Calculate the greatest common divisor of 765150 and 54213428.
10202
What is the highest common factor of 277811 and 12463719?
787
What is the highest common factor of 1459851648 and 4?
4
What is the greatest common factor of 32 and 52890888?
8
Calculate the highest common divisor of 479588 and 4324.
188
Calculate the greatest common factor of 59750 and 8599220.
2390
What is the highest common divisor of 5473190 and 808?
202
What is the highest common divisor of 165165 and 1677?
39
What is the greatest common factor of 19 and 3900073?
19
Calculate the greatest common factor of 609784 and 200.
8
Calculate the greatest common divisor of 26 and 6251529154.
26
Calculate the highest common divisor of 73007 and 891.
11
Calculate the greatest common factor of 1053312 and 8862.
1266
What is the greatest common divisor of 40819887 and 9963?
369
What is the greatest common divisor of 576 and 72052?
4
Calculate the highest common factor of 384562001 and 943.
943
What is the greatest common divisor of 2175472 and 1261?
13
Calculate the highest common divisor of 65611356 and 732.
732
Calculate the highest common factor of 78519 and 22134.
21
Calculate the highest common factor of 15474246 and 596.
298
Calculate the greatest common factor of 864 and 3815370.
54
What is the greatest common divisor of 510317775 and 330?
165
Calculate the greatest common factor of 42792807 and 114.
57
Calculate the highest common factor of 2253999 and 11649.
33
What is the highest common divisor of 3530390 and 1190?
170
Calculate the greatest common divisor of 31150 and 18200.
350
Calculate the highest common factor of 5303965 and 3157.
41
Calculate the greatest common divisor of 114625 and 172375.
875
Calculate the greatest common factor of 120966736 and 220.
44
What is the highest common divisor of 24836422 and 7055?
1411
What is the highest common divisor of 51 and 965574?
3
Calculate the greatest common factor of 28396149 and 123.
123
Calculate the highest common divisor of 12955405 and 685.
685
What is the greatest common factor of 150 and 34676790?
30
What is the highest common divisor of 34 and 573150274?
34
What is the greatest common factor of 27711 and 6499769?
3079
What is the highest common divisor of 170714979 and 216?
27
Calculate the highest common factor of 20739784 and 19552.
4888
What is the greatest common divisor of 3252 and 65028?
12
Calculate the highest common divisor of 549256 and 1270616.
568
Calculate the greatest common divisor of 174888 and 1329704.
2776
Calculate the highest common divisor of 1088 and 15094016.
64
Calculate the greatest common factor of 2042944 and 28426.
466
Calculate the highest common divisor of 707364 and 1358.
14
What is the highest common factor of 169268543 and 321?
107
What is the greatest common factor of 132 and 514200?
12
What is the highest common divisor of 66353988 and 258?
258
What is the highest common factor of 37324 and 160701148?
5332
What is the highest common factor of 2450 and 68720540?
490
What is the highest common divisor of 113860704 and 96?
96
What is the highest common factor of 25712345 and 20?
5
What is the greatest common factor of 9236289 and 1266739?
8389
What is the greatest common factor of 1488 and 666295152?
1488
Calculate the greatest common factor of 15840655 and 2567.
151
Calculate the highest common divisor of 476 and 1116356.
68
Calculate the highest common divisor of 6510 and 46766475.
105
What is the highest common factor of 1829 and 6742748?
31
Calculate the highest common factor of 58 and 1915102.
58
What is the highest common divisor of 72265984 and 672?
224
What is the highest common factor of 3996 and 106362?
18
Calculate the highest common divisor of 14287526 and 154.
22
Calculate the highest common factor of 18837 and 71120140.
2093
What is the greatest common divisor of 84887043 and 2937?
267
What is the greatest common divisor of 26132628 and 48?
12
Calculate the greatest common factor of 5373635 and 142.
71
What is the highest common factor of 437096 and 58256?
88
What is the greatest common factor of 187 and 10615429?
187
What is the highest common divisor of 2483478 and 16203?
1473
Calculate the highest common divisor of 148550763 and 1149.
1149
What is the highest common divisor of 8007 and 11316717?
471
What is the highest common factor of 423339 and 210843?
57
Calculate the greatest common divisor of 184473 and 160371.
927
Calculate the greatest common factor of 3303575 and 935.
55
What is the greatest common divisor of 12761307 and 91?
13
Calculate the highest common factor of 33150 and 2329275.
975
What is the highest common divisor of 153034034 and 34?
34
Calculate the greatest common factor of 9108 and 513612.
396
What is the greatest common factor of 71577363 and 65?
13
Calculate the greatest common factor of 20913910 and 1326.
34
What is the greatest common divisor of 24021 and 16437429?
1413
What is the highest common factor of 3625944 and 172473?
4011
Calculate the highest common factor of 7275 and 3006225.
75
What is the greatest common divisor of 3790341 and 135?
27
Calculate the greatest common factor of 9565 and 207890.
5
Calculate the highest common factor of 2310704 and 234916.
836
Calculate the highest common divisor of 41 and 204772.
1
Calculate the highest common divisor of 222473 and 193123.
587
Calculate the highest common factor of 2907 and 2435097.
969
What is the greatest common divisor of 3381 and 291801?
69
What is the greatest common factor of 25 and 359749675?
25
Calculate the highest common factor of 1538748 and 180.
36
What is the greatest common divisor of 180 and 16705695?
15
What is the highest common divisor of 1305285 and 450185?
2515
What is the highest common divisor of 291000 and 10769425?
2425
Calculate the greatest common divisor of 630 and 698762610.
630
Calculate the greatest common divisor of 260 and 29980.
20
Calculate the greatest common factor of 950 and 660600.
50
What is the greatest common factor of 4 and 172333108?
4
Calculate the greatest common factor of 5593056 and 4608.
96
What is the greatest common divisor of 23142576 and 10112?
1264
What is the greatest common factor of 618848 and 528544?
2656
What is the greatest common divisor of 47407887 and 387?
387
Calculate the greatest common divisor of 72 and 271709406.
18
What is the greatest common factor of 16020 and 53359560?
1